{"id":1192,"date":"2021-08-09T18:28:42","date_gmt":"2021-08-09T18:28:42","guid":{"rendered":"https:\/\/psicologocuernavaca.com.mx\/?page_id=1192"},"modified":"2021-08-10T16:29:53","modified_gmt":"2021-08-10T16:29:53","slug":"etapa-de-la-vida","status":"publish","type":"page","link":"https:\/\/psicologocuernavaca.com.mx\/?page_id=1192","title":{"rendered":"Etapa de la vida"},"content":{"rendered":"\t\t<div data-elementor-type=\"wp-page\" data-elementor-id=\"1192\" class=\"elementor elementor-1192\">\n\t\t\t\t\t\t<section class=\"elementor-section elementor-top-section elementor-element elementor-element-5d9bb80 elementor-section-full_width elementor-section-height-default elementor-section-height-default\" data-id=\"5d9bb80\" data-element_type=\"section\" data-e-type=\"section\" data-settings=\"{&quot;background_background&quot;:&quot;classic&quot;}\">\n\t\t\t\t\t\t<div class=\"elementor-container elementor-column-gap-no\">\n\t\t\t\t\t<div class=\"elementor-column elementor-col-100 elementor-top-column elementor-element elementor-element-bc8140c\" data-id=\"bc8140c\" data-element_type=\"column\" data-e-type=\"column\">\n\t\t\t<div class=\"elementor-widget-wrap elementor-element-populated\">\n\t\t\t\t\t\t<div class=\"elementor-element elementor-element-174c92e elementor-widget elementor-widget-heading\" data-id=\"174c92e\" data-element_type=\"widget\" data-e-type=\"widget\" data-widget_type=\"heading.default\">\n\t\t\t\t<div class=\"elementor-widget-container\">\n\t\t\t\t\t<h1 class=\"elementor-heading-title elementor-size-default\">Etapas de la vida<\/h1>\t\t\t\t<\/div>\n\t\t\t\t<\/div>\n\t\t\t\t\t<\/div>\n\t\t<\/div>\n\t\t\t\t\t<\/div>\n\t\t<\/section>\n\t\t\t\t<section class=\"elementor-section elementor-top-section elementor-element elementor-element-c500669 elementor-section-boxed elementor-section-height-default elementor-section-height-default\" data-id=\"c500669\" data-element_type=\"section\" data-e-type=\"section\">\n\t\t\t\t\t\t<div class=\"elementor-container elementor-column-gap-default\">\n\t\t\t\t\t<div class=\"elementor-column elementor-col-50 elementor-top-column elementor-element elementor-element-7ae6eec\" data-id=\"7ae6eec\" data-element_type=\"column\" data-e-type=\"column\">\n\t\t\t<div class=\"elementor-widget-wrap elementor-element-populated\">\n\t\t\t\t\t\t<div class=\"elementor-element elementor-element-e96c70c elementor-widget elementor-widget-text-editor\" data-id=\"e96c70c\" data-element_type=\"widget\" data-e-type=\"widget\" data-widget_type=\"text-editor.default\">\n\t\t\t\t<div class=\"elementor-widget-container\">\n\t\t\t\t\t\t\t\t\t<p>El crecimiento es un impulso interno propio de los seres vivos que abarca todas las etapas de su desarrollo y el cual existe mientras haya vida.<\/p><p>Cuando este impulso interno se llega a satisfacer de una manera natural y constante, se convierte en motor para enfrentar los retos que la vida presenta en los diferentes momentos y contextos.<\/p><p>En el caso humano se puede decir que este desarrollo va de la cuna a la tumba. Con el crecimiento el individuo adquiere madurez en todos los \u00e1mbitos en los que se desenvuelve desde la madurez f\u00edsica, hasta la madurez sicol\u00f3gica, desde la madurez emocional hasta la espiritual logrando de esta manera un crecimiento equilibrado y un desarrollo pleno de todas sus potencialidades.<\/p><p>El modelo de aproximaci\u00f3n al conocimiento del hombre y sus manifestaciones conductuales propio de esta \u00e9poca, est\u00e1 signado por una versi\u00f3n mecanicista que concibe al ser humano como producto de \u201cetapas\u201d que se viven en momentos particulares de la existencia, las cuales hay que atender de manera especial, indistintamente de los estadios anteriores o de los procesos por vivir.<\/p><p>No es la intenci\u00f3n de estos art\u00edculos reproducir esta visi\u00f3n, sin embargo como m\u00e9todo explicativo nos brinda un primer acercamiento y facilita conocer el fen\u00f3meno del desarrollo de la persona.<\/p>\t\t\t\t\t\t\t\t<\/div>\n\t\t\t\t<\/div>\n\t\t\t\t\t<\/div>\n\t\t<\/div>\n\t\t\t\t<div class=\"elementor-column elementor-col-50 elementor-top-column elementor-element elementor-element-07a3d17\" data-id=\"07a3d17\" data-element_type=\"column\" data-e-type=\"column\">\n\t\t\t<div class=\"elementor-widget-wrap elementor-element-populated\">\n\t\t\t\t\t\t<div class=\"elementor-element elementor-element-3372752 elementor-widget elementor-widget-spacer\" data-id=\"3372752\" data-element_type=\"widget\" data-e-type=\"widget\" data-widget_type=\"spacer.default\">\n\t\t\t\t<div class=\"elementor-widget-container\">\n\t\t\t\t\t\t\t<div class=\"elementor-spacer\">\n\t\t\t<div class=\"elementor-spacer-inner\"><\/div>\n\t\t<\/div>\n\t\t\t\t\t\t<\/div>\n\t\t\t\t<\/div>\n\t\t\t\t<div class=\"elementor-element elementor-element-fb09b73 elementor-widget elementor-widget-image\" data-id=\"fb09b73\" data-element_type=\"widget\" data-e-type=\"widget\" data-widget_type=\"image.default\">\n\t\t\t\t<div class=\"elementor-widget-container\">\n\t\t\t\t\t\t\t\t\t\t\t\t\t\t\t<img fetchpriority=\"high\" decoding=\"async\" width=\"720\" height=\"720\" src=\"https:\/\/psicologocuernavaca.com.mx\/wp-content\/uploads\/2021\/08\/ETAPAS.jpg\" class=\"attachment-medium_large size-medium_large wp-image-1102 no-lazy\" alt=\"\" srcset=\"https:\/\/psicologocuernavaca.com.mx\/wp-content\/uploads\/2021\/08\/ETAPAS.jpg 720w, https:\/\/psicologocuernavaca.com.mx\/wp-content\/uploads\/2021\/08\/ETAPAS-300x300.jpg 300w, https:\/\/psicologocuernavaca.com.mx\/wp-content\/uploads\/2021\/08\/ETAPAS-150x150.jpg 150w\" sizes=\"(max-width: 720px) 100vw, 720px\" \/>\t\t\t\t\t\t\t\t\t\t\t\t\t\t\t<\/div>\n\t\t\t\t<\/div>\n\t\t\t\t<div class=\"elementor-element elementor-element-6496e4c elementor-widget elementor-widget-spacer\" data-id=\"6496e4c\" data-element_type=\"widget\" data-e-type=\"widget\" data-widget_type=\"spacer.default\">\n\t\t\t\t<div class=\"elementor-widget-container\">\n\t\t\t\t\t\t\t<div class=\"elementor-spacer\">\n\t\t\t<div class=\"elementor-spacer-inner\"><\/div>\n\t\t<\/div>\n\t\t\t\t\t\t<\/div>\n\t\t\t\t<\/div>\n\t\t\t\t\t<\/div>\n\t\t<\/div>\n\t\t\t\t\t<\/div>\n\t\t<\/section>\n\t\t\t\t<section class=\"elementor-section elementor-top-section elementor-element elementor-element-67637e2 elementor-section-full_width elementor-section-height-default elementor-section-height-default\" data-id=\"67637e2\" data-element_type=\"section\" data-e-type=\"section\" data-settings=\"{&quot;background_background&quot;:&quot;classic&quot;}\">\n\t\t\t\t\t\t<div class=\"elementor-container elementor-column-gap-default\">\n\t\t\t\t\t<div class=\"elementor-column elementor-col-100 elementor-top-column elementor-element elementor-element-51b7469\" data-id=\"51b7469\" data-element_type=\"column\" data-e-type=\"column\">\n\t\t\t<div class=\"elementor-widget-wrap elementor-element-populated\">\n\t\t\t\t\t\t<div class=\"elementor-element elementor-element-e9e939b elementor-widget elementor-widget-toggle\" data-id=\"e9e939b\" data-element_type=\"widget\" data-e-type=\"widget\" data-widget_type=\"toggle.default\">\n\t\t\t\t<div class=\"elementor-widget-container\">\n\t\t\t\t\t\t\t<div class=\"elementor-toggle\">\n\t\t\t\t\t\t\t<div class=\"elementor-toggle-item\">\n\t\t\t\t\t<div id=\"elementor-tab-title-2451\" class=\"elementor-tab-title\" data-tab=\"1\" role=\"button\" aria-controls=\"elementor-tab-content-2451\" aria-expanded=\"false\">\n\t\t\t\t\t\t\t\t\t\t\t\t<span class=\"elementor-toggle-icon elementor-toggle-icon-left\" aria-hidden=\"true\">\n\t\t\t\t\t\t\t\t\t\t\t\t\t\t\t<span class=\"elementor-toggle-icon-closed\"><i class=\"fas fa-caret-right\"><\/i><\/span>\n\t\t\t\t\t\t\t\t<span class=\"elementor-toggle-icon-opened\"><i class=\"elementor-toggle-icon-opened fas fa-caret-up\"><\/i><\/span>\n\t\t\t\t\t\t\t\t\t\t\t\t\t<\/span>\n\t\t\t\t\t\t\t\t\t\t\t\t<a class=\"elementor-toggle-title\" tabindex=\"0\">Adolescencia<\/a>\n\t\t\t\t\t<\/div>\n\n\t\t\t\t\t<div id=\"elementor-tab-content-2451\" class=\"elementor-tab-content elementor-clearfix\" data-tab=\"1\" role=\"region\" aria-labelledby=\"elementor-tab-title-2451\"><p>La adolescencia, es un periodo de transici\u00f3n; marca el final de la ni\u00f1ez y de alguna manera inicia la adultez. En las culturas primitivas se pasaba de la infancia a la adultez y este paso se signaba con ceremonias inici\u00e1ticas y los j\u00f3venes adultos (hoy adolescentes) adquir\u00edan pleno derecho y obligaciones en su grupo.<br \/>Comienza aproximadamente a los 13 a\u00f1os y culmina alrededor de los 20 a\u00f1os; aunque en la actualidad se ha observado una prolongaci\u00f3n que a veces llega m\u00e1s all\u00e1 de los 25 a\u00f1os.<br \/>Sin embargo al igual que sucede con todas las etapas del desarrollo, estos puntos extremos no est\u00e1n muy bien definidos.<br \/>En los tiempos que corren, la adolescencia representa para muchos y muchas j\u00f3venes la oportunidad de construir sue\u00f1os acerca del futuro y momentos de cr\u00edsis y gran incertidumbre por los muchos cambios que se dan en todos los \u00e1mbitos; por ejemplo se experimentan cambios en lo social, cambios f\u00edsicos y psicol\u00f3gicos.<br \/>Es una etapa de ampliaci\u00f3n del c\u00edrculo social, de cuestionamiento de la cultura en donde se han desarrollado, y de alguna manera alejamiento de los valores familiares y de los propios padres.<br \/>Es una etapa de individuaci\u00f3n y b\u00fasqueda de identidad y sentido de vida. (\u00bfqui\u00e9n soy?&#8230;.\u00bfadonde voy?)<br \/>La formaci\u00f3n de identidad se inicia con la influencia por parte de otras personas, principalmente las figuras de primer contacto como padres, hermanos y familia en general; tambi\u00e9n los maestros y el grupo de pares tienen un papel preponderante en la formaci\u00f3n de actitudes y comportamientos.<br \/>La b\u00fasqueda de identidad es un proceso que dura toda la vida, pero que se acelera durante la adolescencia.<br \/>Carlos es un adolescente de 17 a\u00f1os, fue tra\u00eddo por su madre, ante su propia incapacidad para ayudarlo a salir de los problemas en lo sque se ha ido metiendo. Problemas en la escuela, uso de drogas y alcohol en forma indiscriminada, relaciones complicadas con mujeres mayores que \u00e9l, etc. Su padre ausente por divorcio, ha formado otra familia y vive totalmente alejado.<br \/>Atenido a estas consideraciones, durante el proceso que hemos ido elaborando Carlos y yo he procurado ayudarlo a conocerse y construir una identidad propia.<br \/>El proceso terap\u00e9utico en la adolescencia pasa por la ruta de la diferenciaci\u00f3n y la adquisici\u00f3n de valores e identidad propia.<\/p><\/div>\n\t\t\t\t<\/div>\n\t\t\t\t\t\t\t<div class=\"elementor-toggle-item\">\n\t\t\t\t\t<div id=\"elementor-tab-title-2452\" class=\"elementor-tab-title\" data-tab=\"2\" role=\"button\" aria-controls=\"elementor-tab-content-2452\" aria-expanded=\"false\">\n\t\t\t\t\t\t\t\t\t\t\t\t<span class=\"elementor-toggle-icon elementor-toggle-icon-left\" aria-hidden=\"true\">\n\t\t\t\t\t\t\t\t\t\t\t\t\t\t\t<span class=\"elementor-toggle-icon-closed\"><i class=\"fas fa-caret-right\"><\/i><\/span>\n\t\t\t\t\t\t\t\t<span class=\"elementor-toggle-icon-opened\"><i class=\"elementor-toggle-icon-opened fas fa-caret-up\"><\/i><\/span>\n\t\t\t\t\t\t\t\t\t\t\t\t\t<\/span>\n\t\t\t\t\t\t\t\t\t\t\t\t<a class=\"elementor-toggle-title\" tabindex=\"0\">Vejez<\/a>\n\t\t\t\t\t<\/div>\n\n\t\t\t\t\t<div id=\"elementor-tab-content-2452\" class=\"elementor-tab-content elementor-clearfix\" data-tab=\"2\" role=\"region\" aria-labelledby=\"elementor-tab-title-2452\"><p>\u201cPara la sociedad, la vejez es un secreto vergonzoso del cual es indecente hablar\u201d<br \/>Simone de Beauvoir.<br \/><br \/>En la sociedad y \u00e9poca en que vivimos, la fascinaci\u00f3n por la juventud, el \u00e9nfasis en la productividad de \u00edndole econ\u00f3mico y el empleo; la prevalencia por lo material, el desd\u00e9n por lo emocional y lo espiritual, son entre otros, factores que estructuran una visi\u00f3n de vida dentro de cuyos proyectos el anciano viene a constituir un estorbo y hacen que, mucho antes de que aparezca, la primera cana o la primera arruga, el miedo a envejecer nuble el placer de vivir en muchas personas.<br \/><br \/>Ciertamente en alguno sectores de nuestra sociedad, especialmente en zonas rurales \u00abel viejo\u00bb o \u00abla vieja\u00bb son considerados como miembros con plenos derechos y conservan algo del respeto y aprecio que en \u00e9pocas pasadas los convert\u00edan en miembros distinguidos de su comunidad, a quienes se recurr\u00eda en busca de consejo y experiencia.<br \/><br \/>Sin embargo en las zonas urbanas, el tama\u00f1o de las grandes ciudades, las distancias a recorrer, las modernas tecnolog\u00edas y la prisa, dejan desprotegida a una de las capas poblaci\u00f3n m\u00e1s vulnerables, en este caso \u00ablos viejos\u00bb.<br \/><br \/>Es en este contexto que considero importante reflexionar de una manera creativa tanto social como individualmente para afrontar la etapa de la madurez plena o el hecho que puede significar convertirse en \u00abviejo\u00bb o \u00abvieja\u00bb .<br \/><br \/>Vejez no es sin\u00f3nimo de inactividad y marginaci\u00f3n. En la medida que podamos recuperar la noci\u00f3n de que en la vejez la mente y la personalidad del individuo continuan floreciendo, habremos dado un paso enorme para la aceptaci\u00f3n de esta etapa de la vida humana y la reinserci\u00f3n social de gente que en virtud del paso del tiempo ha ido acumulando historia y experiencia y que hoy en d\u00eda se encuentran marginados.<br \/><br \/>Eugenia es una mujer de 86 a\u00f1os, acudi\u00f3 a terapia en virtud presentar s\u00edntomas de depresi\u00f3n tales como falta de motivaci\u00f3n, ansiedad, falta de apetito y cansancio cr\u00f3nico. Enviud\u00f3 hace veinte a\u00f1os y decidi\u00f3 vivir sola a partir de ese momento, sin establecer una nueva relaci\u00f3n de pareja.<br \/><br \/>Madre de seis hijos producto de una \u00e9poca en donde las familias grandes eran asunto com\u00fan, dedic\u00f3 su vida a los hijos y el marido. Cuando estos crecieron, formaron sus propias familias y se alejaron. Al enviudar, Eugenia se acerco a un grupo de apoyo con el cual inici\u00f3 actividades ocupacionales de la m\u00e1s variada \u00edndole, que al parecer llenaban su vida. En los \u00fatimos dos a\u00f1os sus capacidades f\u00edsicas han menguado, produciendo en Eugenia sensaciones de impotencia, frustraci\u00f3n y enojo que se han ido convirtiendo en depresi\u00f3n al no ser reconocidas y expresadas. <br \/><br \/>Con el proceso terap\u00e9utico pretendemos que Eugenia vaya descubriendo que los momentos que esta viviendo se han visto matizados por la soledad, y su incapacidad para reconocer sus limitaciones f\u00edsicas y posibilidades reales de acci\u00f3n, una vez restablecida una visi\u00f3n m\u00e1s acorde a su edad, podr\u00e1 empezar a disfrutar del merecido descanso, y de las actividades que pueda llevar a cabo en sus actuales condiciones. <br \/><br \/>La historia nos muestra que a lo largo de las diferentes \u00e9pocas y lugares han existido ancianos y ancianas que siguen haciendo aportes significativos a sus grupos sociales y familiares y que lejos de vivir la vejez como una etapa triste y dolorosa de degradaci\u00f3n y soledad obligada, han sido capaces de enfrentarla con gozo como un momento de descanso y reflexi\u00f3n.<br \/><br \/>En la psicoterapia humanista creemos que se puede construir una nueva visi\u00f3n que permita al individuo convertirse en una persona preparada, para afrontar cada momento de esta aventura llamada vida. El trabajo deber\u00e1 enfrentarse individual y socialmente.<\/p><\/div>\n\t\t\t\t<\/div>\n\t\t\t\t\t\t\t\t<\/div>\n\t\t\t\t\t\t<\/div>\n\t\t\t\t<\/div>\n\t\t\t\t\t<\/div>\n\t\t<\/div>\n\t\t\t\t\t<\/div>\n\t\t<\/section>\n\t\t\t\t<\/div>\n\t\t","protected":false},"excerpt":{"rendered":"<p>Etapas de la vida El crecimiento es un impulso interno propio de los seres vivos que abarca todas las etapas de su desarrollo y el cual existe mientras haya vida. Cuando este impulso interno se llega a satisfacer de una manera natural y constante, se convierte en motor para enfrentar los retos que la vida [&hellip;]<\/p>\n","protected":false},"author":1,"featured_media":0,"parent":0,"menu_order":0,"comment_status":"closed","ping_status":"closed","template":"","meta":{"om_disable_all_campaigns":false,"_monsterinsights_skip_tracking":false,"_monsterinsights_sitenote_active":false,"_monsterinsights_sitenote_note":"","_monsterinsights_sitenote_category":0,"site-sidebar-layout":"no-sidebar","site-content-layout":"page-builder","ast-site-content-layout":"default","site-content-style":"default","site-sidebar-style":"default","ast-global-header-display":"","ast-banner-title-visibility":"","ast-main-header-display":"","ast-hfb-above-header-display":"","ast-hfb-below-header-display":"","ast-hfb-mobile-header-display":"","site-post-title":"disabled","ast-breadcrumbs-content":"","ast-featured-img":"disabled","footer-sml-layout":"","ast-disable-related-posts":"","theme-transparent-header-meta":"enabled","adv-header-id-meta":"","stick-header-meta":"","header-above-stick-meta":"","header-main-stick-meta":"","header-below-stick-meta":"","astra-migrate-meta-layouts":"default","ast-page-background-enabled":"default","ast-page-background-meta":{"desktop":{"background-color":"","background-image":"","background-repeat":"repeat","background-position":"center center","background-size":"auto","background-attachment":"scroll","background-type":"","background-media":"","overlay-type":"","overlay-color":"","overlay-opacity":"","overlay-gradient":""},"tablet":{"background-color":"","background-image":"","background-repeat":"repeat","background-position":"center center","background-size":"auto","background-attachment":"scroll","background-type":"","background-media":"","overlay-type":"","overlay-color":"","overlay-opacity":"","overlay-gradient":""},"mobile":{"background-color":"","background-image":"","background-repeat":"repeat","background-position":"center center","background-size":"auto","background-attachment":"scroll","background-type":"","background-media":"","overlay-type":"","overlay-color":"","overlay-opacity":"","overlay-gradient":""}},"ast-content-background-meta":{"desktop":{"background-color":"var(--ast-global-color-5)","background-image":"","background-repeat":"repeat","background-position":"center center","background-size":"auto","background-attachment":"scroll","background-type":"","background-media":"","overlay-type":"","overlay-color":"","overlay-opacity":"","overlay-gradient":""},"tablet":{"background-color":"var(--ast-global-color-5)","background-image":"","background-repeat":"repeat","background-position":"center center","background-size":"auto","background-attachment":"scroll","background-type":"","background-media":"","overlay-type":"","overlay-color":"","overlay-opacity":"","overlay-gradient":""},"mobile":{"background-color":"var(--ast-global-color-5)","background-image":"","background-repeat":"repeat","background-position":"center center","background-size":"auto","background-attachment":"scroll","background-type":"","background-media":"","overlay-type":"","overlay-color":"","overlay-opacity":"","overlay-gradient":""}},"_joinchat":[],"footnotes":""},"class_list":["post-1192","page","type-page","status-publish","hentry"],"aioseo_notices":[],"_links":{"self":[{"href":"https:\/\/psicologocuernavaca.com.mx\/index.php?rest_route=\/wp\/v2\/pages\/1192","targetHints":{"allow":["GET"]}}],"collection":[{"href":"https:\/\/psicologocuernavaca.com.mx\/index.php?rest_route=\/wp\/v2\/pages"}],"about":[{"href":"https:\/\/psicologocuernavaca.com.mx\/index.php?rest_route=\/wp\/v2\/types\/page"}],"author":[{"embeddable":true,"href":"https:\/\/psicologocuernavaca.com.mx\/index.php?rest_route=\/wp\/v2\/users\/1"}],"replies":[{"embeddable":true,"href":"https:\/\/psicologocuernavaca.com.mx\/index.php?rest_route=%2Fwp%2Fv2%2Fcomments&post=1192"}],"version-history":[{"count":8,"href":"https:\/\/psicologocuernavaca.com.mx\/index.php?rest_route=\/wp\/v2\/pages\/1192\/revisions"}],"predecessor-version":[{"id":1245,"href":"https:\/\/psicologocuernavaca.com.mx\/index.php?rest_route=\/wp\/v2\/pages\/1192\/revisions\/1245"}],"wp:attachment":[{"href":"https:\/\/psicologocuernavaca.com.mx\/index.php?rest_route=%2Fwp%2Fv2%2Fmedia&parent=1192"}],"curies":[{"name":"wp","href":"https:\/\/api.w.org\/{rel}","templated":true}]}}